{"id":186,"date":"2026-02-22T09:18:12","date_gmt":"2026-02-22T09:18:12","guid":{"rendered":"https:\/\/wifunsa.de\/blog\/?page_id=186"},"modified":"2026-03-19T19:25:57","modified_gmt":"2026-03-19T19:25:57","slug":"prof-rosenau","status":"publish","type":"page","link":"https:\/\/wifunsa.de\/blog\/index.php\/prof-rosenau\/","title":{"rendered":"Prof. Dr. Henning Rosenau"},"content":{"rendered":"\n<h4 class=\"wp-block-heading\">Strafrecht, Strafprozessrecht und Medizinrecht<\/h4>\n\n\n\n<hr class=\"wp-block-separator has-alpha-channel-opacity is-style-wide\" style=\"margin-top:var(--wp--preset--spacing--60);margin-bottom:var(--wp--preset--spacing--60)\"\/>\n\n\n\n<div class=\"wp-block-media-text is-stacked-on-mobile\" style=\"grid-template-columns:34% auto\"><figure class=\"wp-block-media-text__media\"><img loading=\"lazy\" decoding=\"async\" width=\"481\" height=\"601\" src=\"https:\/\/wifunsa.de\/blog\/wp-content\/uploads\/2026\/02\/Rosenau.jpeg\" alt=\"\" class=\"wp-image-114 size-full\" srcset=\"https:\/\/wifunsa.de\/blog\/wp-content\/uploads\/2026\/02\/Rosenau.jpeg 481w, https:\/\/wifunsa.de\/blog\/wp-content\/uploads\/2026\/02\/Rosenau-240x300.jpeg 240w\" sizes=\"auto, (max-width: 481px) 100vw, 481px\" \/><\/figure><div class=\"wp-block-media-text__content\">\n<p><strong>1. Warum wollen Sie mit Sch\u00fclern reden?<\/strong><\/p>\n\n\n\n<p>Mich interessieren Ihre Fragen und Zweifel. Vielleicht kann ich die eine oder andere Antwort geben und den einen oder anderen Ausweg aufzeigen. Und ich m\u00f6chte Sie daf\u00fcr sensibilisieren, dass es gerade auch auf Sie ankommt.<\/p>\n<\/div><\/div>\n\n\n\n<p><strong>2. Warum sind Sie Wissenschaftler geworden?<\/strong><\/p>\n\n\n\n<p>Als sich, durch viel Zufall, die M\u00f6glichkeit ergab, war es das Bauchgef\u00fchlt (s. 6.): Als Wissenschaftler kann ich mit jungen Menschen Erkenntnisse gemeinsam erarbeiten und dabei mitwirken (wir nennen es &#8222;forschen&#8220;), dass es eine gerechtere Welt gibt. Und ich kann solche Erkenntnisse an andere weitergeben.<\/p>\n\n\n\n<p><strong>3. Wof\u00fcr brauchen wir Wissenschaft?<\/strong><\/p>\n\n\n\n<p>Wissenschaft bringt uns voran: in unserem Zusammenleben, in unseren Rechten, in unserer Wirtschaft. Nur zwei Beispiele: Eine N\u00fcrnberger Firma ist nach Halle umgesiedelt wegen der Wissenschaftler und Wissenschaftlerinnen am Weinbergcampus in Halle und hat so bei uns Arbeitspl\u00e4tze geschaffen. Dass wir selbst entscheiden k\u00f6nnen, wie und wann wir sterben k\u00f6nnen, hat die Rechtswissenschaft zusammen mit den Gerichten durchgesetzt.<\/p>\n\n\n\n<p><strong>4. Wof\u00fcr interessieren Sie sich au\u00dfer f\u00fcr Wissenschaft?<\/strong><\/p>\n\n\n\n<p>Ich habe ein etwas nischiges Hobby: das Sammeln von Briefmarken und Briefen mit Vogelmotiven. Ich lese seit Jahrzehnten Aero International (eine Zeitschrift zur Zivilluftfahrt), bin auch Hobbyornithologe, H\u00e4ndel-Fan und wandere gern.<\/p>\n\n\n\n<p><strong>5. Wenn Sie Bundeskanzler w\u00e4ren, was w\u00fcrden Sie tun?<\/strong><\/p>\n\n\n\n<p>Harte Kante zeigen gegen Trump und andere Autokraten dieser Welt, die nach ihrem Gutd\u00fcnken uns ins Chaos st\u00fcrzen, und gegen Putin und andere Kriegsverbrecher dieser Welt, die das Leben und die Zukunft gerade junger Menschen auf dem Gewissen haben.<\/p>\n\n\n\n<p><strong>6. Welchen Rat w\u00fcrden Sie Sch\u00fclern f\u00fcr die Berufswahl geben?<\/strong><\/p>\n\n\n\n<p>H\u00f6ren Sie auf Ihr Bauchgef\u00fchl, nicht auf Ihre Eltern oder Freunde. Nur das, was Sie glauben, gerne zu tun, wird Ihr Leben erf\u00fcllen k\u00f6nnen.<\/p>\n\n\n\n<div class=\"wp-block-buttons is-layout-flex wp-block-buttons-is-layout-flex\">\n<div class=\"wp-block-button\"><a class=\"wp-block-button__link wp-element-button\" href=\"https:\/\/wifunsa.de\/blog\/index.php\/rent-a-prof-interessiert\/\">Interessiert?<\/a><\/div>\n<\/div>\n","protected":false},"excerpt":{"rendered":"<p>Strafrecht, Strafprozessrecht und Medizinrecht 1. Warum wollen Sie mit Sch\u00fclern reden? Mich interessieren Ihre Fragen und Zweifel. Vielleicht kann ich die eine oder andere Antwort geben und den einen oder anderen Ausweg aufzeigen. Und ich m\u00f6chte Sie daf\u00fcr sensibilisieren, dass es gerade auch auf Sie ankommt. 2. Warum sind Sie Wissenschaftler geworden? Als sich, durch <a class=\"more-link\" href=\"https:\/\/wifunsa.de\/blog\/index.php\/prof-rosenau\/\">Weiterlesen\u00a0\u2026<\/a><\/p>\n","protected":false},"author":1,"featured_media":0,"parent":0,"menu_order":0,"comment_status":"closed","ping_status":"closed","template":"","meta":{"footnotes":""},"class_list":["post-186","page","type-page","status-publish","hentry"],"_links":{"self":[{"href":"https:\/\/wifunsa.de\/blog\/index.php\/wp-json\/wp\/v2\/pages\/186","targetHints":{"allow":["GET"]}}],"collection":[{"href":"https:\/\/wifunsa.de\/blog\/index.php\/wp-json\/wp\/v2\/pages"}],"about":[{"href":"https:\/\/wifunsa.de\/blog\/index.php\/wp-json\/wp\/v2\/types\/page"}],"author":[{"embeddable":true,"href":"https:\/\/wifunsa.de\/blog\/index.php\/wp-json\/wp\/v2\/users\/1"}],"replies":[{"embeddable":true,"href":"https:\/\/wifunsa.de\/blog\/index.php\/wp-json\/wp\/v2\/comments?post=186"}],"version-history":[{"count":6,"href":"https:\/\/wifunsa.de\/blog\/index.php\/wp-json\/wp\/v2\/pages\/186\/revisions"}],"predecessor-version":[{"id":258,"href":"https:\/\/wifunsa.de\/blog\/index.php\/wp-json\/wp\/v2\/pages\/186\/revisions\/258"}],"wp:attachment":[{"href":"https:\/\/wifunsa.de\/blog\/index.php\/wp-json\/wp\/v2\/media?parent=186"}],"curies":[{"name":"wp","href":"https:\/\/api.w.org\/{rel}","templated":true}]}}