{"id":192,"date":"2026-02-22T09:23:57","date_gmt":"2026-02-22T09:23:57","guid":{"rendered":"https:\/\/wifunsa.de\/blog\/?page_id=192"},"modified":"2026-03-19T19:26:54","modified_gmt":"2026-03-19T19:26:54","slug":"prof-mueller-hannemann","status":"publish","type":"page","link":"https:\/\/wifunsa.de\/blog\/index.php\/prof-mueller-hannemann\/","title":{"rendered":"Prof. Dr. Matthias M\u00fcller-Hannemann"},"content":{"rendered":"\n<h4 class=\"wp-block-heading\">Informatik<\/h4>\n\n\n\n<hr class=\"wp-block-separator has-alpha-channel-opacity is-style-wide\" style=\"margin-top:var(--wp--preset--spacing--60);margin-bottom:var(--wp--preset--spacing--60)\"\/>\n\n\n\n<div class=\"wp-block-media-text is-stacked-on-mobile\" style=\"grid-template-columns:35% auto\"><figure class=\"wp-block-media-text__media\"><img loading=\"lazy\" decoding=\"async\" width=\"469\" height=\"587\" src=\"https:\/\/wifunsa.de\/blog\/wp-content\/uploads\/2026\/02\/Mueller-Hannemann.jpeg\" alt=\"\" class=\"wp-image-113 size-full\" srcset=\"https:\/\/wifunsa.de\/blog\/wp-content\/uploads\/2026\/02\/Mueller-Hannemann.jpeg 469w, https:\/\/wifunsa.de\/blog\/wp-content\/uploads\/2026\/02\/Mueller-Hannemann-240x300.jpeg 240w\" sizes=\"auto, (max-width: 469px) 100vw, 469px\" \/><\/figure><div class=\"wp-block-media-text__content\">\n<p><strong>1. Warum wollen Sie mit Sch\u00fclern reden?<\/strong><\/p>\n\n\n\n<p>K\u00fcnstliche Intelligenz beginnt die Welt drastisch zu ver\u00e4ndern. \u00dcber die weitreichenden Folgen, \u00fcber Chancen und Risiken m\u00f6chte ich gerne diskutieren. Was bedeutet dies beispielsweise f\u00fcr Schule, Bildung und Zukunft der Arbeit? Wie k\u00f6nnen wir Fakten von F\u00e4lschungen unterscheiden?<\/p>\n<\/div><\/div>\n\n\n\n<p><strong>2. Warum sind Sie Wissenschaftler geworden?<\/strong><\/p>\n\n\n\n<p>Schon als Sch\u00fcler habe ich mich fr\u00fch f\u00fcr Wissenschaft interessiert und entsprechende B\u00fccher gelesen, aus der Bibliothek regelm\u00e4\u00dfig die monatlichen B\u00e4nde von \u201eBild der Wissenschaft\u201c ausgeliehen und mit Faszination verschlungen. Talent schien ich besonders f\u00fcr Mathematik zu haben, was ich dann auch studiert habe. Im Studium wuchs dann schnell mein Interesse an der Entwicklung cleverer Algorithmen zum L\u00f6sen schwerer Probleme, so dass ich schlie\u00dflich zum Informatiker wurde.<\/p>\n\n\n\n<p><strong>3. Wof\u00fcr brauchen wir Wissenschaft?<\/strong><\/p>\n\n\n\n<p>Wissenschaftlichen Erkenntnissen verdanken wir unseren heutigen Lebensstandard und Wissenschaft ist unverzichtbar zur Bew\u00e4ltigung anstehender Probleme. Kurz gesagt: Wissenschaft hilft uns, neues Wissen zu gewinnen, Probleme systematisch zu verstehen und zu l\u00f6sen, fortschrittliche Technologien und Innovationen zu entwickeln und kl\u00fcgere Entscheidungen zu treffen.<\/p>\n\n\n\n<p><strong>4. Wof\u00fcr interessieren Sie sich au\u00dfer f\u00fcr Wissenschaft?<\/strong><\/p>\n\n\n\n<p>Wandern, Radfahren, klassische Musik, Politik und Zeitgeschichte, andere L\u00e4nder<\/p>\n\n\n\n<p><strong>5. Wenn Sie Bundeskanzler w\u00e4ren, was w\u00fcrden Sie tun?<\/strong><\/p>\n\n\n\n<p>Auf sehr vielen und wichtigen Politikfeldern besteht dringender Handlungsbedarf und sicherlich h\u00e4tte ich viele Ideen, was grunds\u00e4tzlich zu tun w\u00e4re. Angesichts der Komplexit\u00e4t der zu l\u00f6senden Probleme, m\u00f6chte ich hier jedoch keine einfachen L\u00f6sungen vorschlagen. Das w\u00e4re billig, bei den wirklich wichtigen Problemfeldern jedoch nicht zielf\u00fchrend. Aber eines w\u00fcrde ich sicherlich tun: darauf dr\u00e4ngen, dass konkrete Ma\u00dfnahmen entwickelt, Entscheidungen zeitnah getroffen und umgesetzt werden.<\/p>\n\n\n\n<p><strong>6. Welchen Rat w\u00fcrden Sie Sch\u00fclern f\u00fcr die Berufswahl geben?<\/strong><\/p>\n\n\n\n<p>Orientieren Sie sich an ihren eigenen St\u00e4rken. Was machen Sie wirklich gerne? Wof\u00fcr haben Sie Talent?<\/p>\n\n\n\n<div class=\"wp-block-buttons is-layout-flex wp-block-buttons-is-layout-flex\">\n<div class=\"wp-block-button\"><a class=\"wp-block-button__link wp-element-button\" href=\"https:\/\/wifunsa.de\/blog\/index.php\/rent-a-prof-interessiert\/\">Interessiert?<\/a><\/div>\n<\/div>\n","protected":false},"excerpt":{"rendered":"<p>Informatik 1. Warum wollen Sie mit Sch\u00fclern reden? K\u00fcnstliche Intelligenz beginnt die Welt drastisch zu ver\u00e4ndern. \u00dcber die weitreichenden Folgen, \u00fcber Chancen und Risiken m\u00f6chte ich gerne diskutieren. Was bedeutet dies beispielsweise f\u00fcr Schule, Bildung und Zukunft der Arbeit? Wie k\u00f6nnen wir Fakten von F\u00e4lschungen unterscheiden? 2. Warum sind Sie Wissenschaftler geworden? Schon als Sch\u00fcler <a class=\"more-link\" href=\"https:\/\/wifunsa.de\/blog\/index.php\/prof-mueller-hannemann\/\">Weiterlesen\u00a0\u2026<\/a><\/p>\n","protected":false},"author":1,"featured_media":0,"parent":0,"menu_order":0,"comment_status":"closed","ping_status":"closed","template":"","meta":{"footnotes":""},"class_list":["post-192","page","type-page","status-publish","hentry"],"_links":{"self":[{"href":"https:\/\/wifunsa.de\/blog\/index.php\/wp-json\/wp\/v2\/pages\/192","targetHints":{"allow":["GET"]}}],"collection":[{"href":"https:\/\/wifunsa.de\/blog\/index.php\/wp-json\/wp\/v2\/pages"}],"about":[{"href":"https:\/\/wifunsa.de\/blog\/index.php\/wp-json\/wp\/v2\/types\/page"}],"author":[{"embeddable":true,"href":"https:\/\/wifunsa.de\/blog\/index.php\/wp-json\/wp\/v2\/users\/1"}],"replies":[{"embeddable":true,"href":"https:\/\/wifunsa.de\/blog\/index.php\/wp-json\/wp\/v2\/comments?post=192"}],"version-history":[{"count":7,"href":"https:\/\/wifunsa.de\/blog\/index.php\/wp-json\/wp\/v2\/pages\/192\/revisions"}],"predecessor-version":[{"id":262,"href":"https:\/\/wifunsa.de\/blog\/index.php\/wp-json\/wp\/v2\/pages\/192\/revisions\/262"}],"wp:attachment":[{"href":"https:\/\/wifunsa.de\/blog\/index.php\/wp-json\/wp\/v2\/media?parent=192"}],"curies":[{"name":"wp","href":"https:\/\/api.w.org\/{rel}","templated":true}]}}