{"id":204,"date":"2026-02-22T09:41:52","date_gmt":"2026-02-22T09:41:52","guid":{"rendered":"https:\/\/wifunsa.de\/blog\/?page_id=204"},"modified":"2026-03-19T19:25:44","modified_gmt":"2026-03-19T19:25:44","slug":"prof-schmidt","status":"publish","type":"page","link":"https:\/\/wifunsa.de\/blog\/index.php\/prof-schmidt\/","title":{"rendered":"Prof. Dr. Georg Schmidt"},"content":{"rendered":"\n<h4 class=\"wp-block-heading\">Physik<\/h4>\n\n\n\n<hr class=\"wp-block-separator has-alpha-channel-opacity is-style-wide\" style=\"margin-top:var(--wp--preset--spacing--60);margin-bottom:var(--wp--preset--spacing--60)\"\/>\n\n\n\n<div class=\"wp-block-media-text is-stacked-on-mobile\" style=\"grid-template-columns:38% auto\"><figure class=\"wp-block-media-text__media\"><img loading=\"lazy\" decoding=\"async\" width=\"819\" height=\"1024\" src=\"https:\/\/wifunsa.de\/blog\/wp-content\/uploads\/2026\/03\/Schmidt_DSC_2915_PP-819x1024.jpg\" alt=\"\" class=\"wp-image-238 size-full\" srcset=\"https:\/\/wifunsa.de\/blog\/wp-content\/uploads\/2026\/03\/Schmidt_DSC_2915_PP-819x1024.jpg 819w, https:\/\/wifunsa.de\/blog\/wp-content\/uploads\/2026\/03\/Schmidt_DSC_2915_PP-240x300.jpg 240w, https:\/\/wifunsa.de\/blog\/wp-content\/uploads\/2026\/03\/Schmidt_DSC_2915_PP-768x960.jpg 768w, https:\/\/wifunsa.de\/blog\/wp-content\/uploads\/2026\/03\/Schmidt_DSC_2915_PP-1229x1536.jpg 1229w, https:\/\/wifunsa.de\/blog\/wp-content\/uploads\/2026\/03\/Schmidt_DSC_2915_PP-1638x2048.jpg 1638w, https:\/\/wifunsa.de\/blog\/wp-content\/uploads\/2026\/03\/Schmidt_DSC_2915_PP-scaled.jpg 2048w\" sizes=\"auto, (max-width: 819px) 100vw, 819px\" \/><\/figure><div class=\"wp-block-media-text__content\">\n<p>1. <strong>Warum wollen Sie mit Sch\u00fclern reden?<\/strong><\/p>\n\n\n\n<p>Ich m\u00f6chte die Begeisterung daf\u00fcr vermitteln, Dinge zu verstehen und daraus Nutzen zu ziehen. Wenn man etwas genauer versteht, kann man damit wirklich umgehen. Das heisst, es bewahren, es verbessern, etwas besseres neues entwickeln. Das reicht von der Verbesserung der Mikroelektronik \u00fcber neue Methoden in der Medizin, bis zum Lernen aus den Fehlern der Vergangenheit in der Geschichte.<\/p>\n<\/div><\/div>\n\n\n\n<p><strong>2. Warum sind Sie Wissenschaftler geworden?<\/strong><\/p>\n\n\n\n<p>Ich wollte verstehen, wie Dinge funktionieren und neues entwickeln. Hierbei stand ein Interesse an den Naturwissenschaften im Vordergrund. Die Physik habe ich gew\u00e4hlt, weil sie eine Naturwissenschaft ist, die keine Grenzen kennt. In anderen Naturwissenschaften st\u00f6\u00dft man, wenn man tiefer geht an Grenzen, an denen andere Naturwissenschaften \u201ezust\u00e4ndig\u201c werden (z.B. Biologie -&gt; Biochemie -&gt; Chemie). Die Physik macht irgendwie immer weiter bis ins innere des Atomkerns.<\/p>\n\n\n\n<p><strong>3. Wof\u00fcr brauchen wir Wissenschaft?<\/strong><\/p>\n\n\n\n<p>Um zu \u00fcberleben und unser Leben gut und friedlich zu gestalten, m\u00fcssen wir Dinge verstehen. Zum Beispiel, wie wir auf Dauer eine industrielle Gesellschaft gestalten k\u00f6nnen, ohne die Umwelt und das Klima zu zerst\u00f6ren, wie wir unsere Gesundheit noch besser erhalten k\u00f6nnen, wie Gesellschaftsstrukturen funktionieren und was sie f\u00fcr das Zusammenleben brauchen, wie Landwirtschaft verbessert werden kann, wie Mikroelektronik und k\u00fcnstliche Intelligenz weiter entwickelt werden und was f\u00fcr Gefahren sie bergen und und und\u2026 Diese Fragen kann man nicht durch hinschauen und raten beantworten, (auch wenn viele Politiker das so sehen). Man muss sich sehr genau mit den Themen und Fakten besch\u00e4ftigen, um die Zusammenh\u00e4nge zu erkennen, die richtigen Entscheidungen zu treffen und neue Ideen zu entwickeln. Das macht die Wissenschaft.<\/p>\n\n\n\n<p><strong>4. Wof\u00fcr interessieren Sie sich au\u00dfer f\u00fcr Wissenschaft?<\/strong><\/p>\n\n\n\n<p>Ich bin begeisterter Musiker (Saxophon, Gitarre, Bass) und spiele in einer Jazzband. Ich baue gerne M\u00f6bel und arbeite mit Holz. Ich koche oft und gerne. Au\u00dferdem bin ich leidenschaftlicher T\u00e4nzer (Standard). Zus\u00e4tzlich besch\u00e4ftige ich mich auch neben dem Beruf viel mit Elektronik.&nbsp;<\/p>\n\n\n\n<p><strong>5. Wenn Sie Bundeskanzler w\u00e4ren, was w\u00fcrden Sie tun?<\/strong><\/p>\n\n\n\n<p>Da gibt es vieles. Aber die gr\u00f6\u00dften Punkte: Ich w\u00fcrde versuchen, das Steuersystem so zu ver\u00e4ndern, dass diejenigen, die am meisten von unserem Land profitieren auch die meisten Steuern beitragen. Ein zweiter wichtiger Punkt w\u00e4re eine Klimapolitik, die die Industrie und die Gesellschaft zukunftsf\u00e4hig macht und das Klima sch\u00fctzt und in der diejenigen, die den meisten Schaden verursachen auch am meisten daf\u00fcr bezahlen m\u00fcssen. Die ganze Liste w\u00fcrde aber sehr lang. Ich sage nur: Zugang zu Bildung und \u00e4rztlicher Versorgung, bezahlbarer Wohnraum \u2026<\/p>\n\n\n\n<p><strong>6. Welchen Rat w\u00fcrden Sie Sch\u00fclern f\u00fcr die Berufswahl geben?<\/strong><\/p>\n\n\n\n<p>Sicher suchen Sie einen Job, bei dem Sie gen\u00fcgend verdienen, um davon zu leben. Versuchen Sie aber vor Allem, eine Arbeit zu finden, die Ihnen so viel Freude macht wie m\u00f6glich. Dabei ist es egal, ob es ein Beruf ist, der auf einem Studium basiert, oder ein Handwerk mit Ausbildung oder sonst etwas anderes. Versuchen Sie, etwas zu machen, was Sie interessiert. Das Geld gleicht nicht aus, wenn Sie jeden Tag etwas machen m\u00fcssen, was Ihnen gar keine Freude macht.<\/p>\n\n\n\n<div class=\"wp-block-buttons is-layout-flex wp-block-buttons-is-layout-flex\">\n<div class=\"wp-block-button\"><a class=\"wp-block-button__link wp-element-button\" href=\"https:\/\/wifunsa.de\/blog\/index.php\/rent-a-prof-interessiert\/\">Interessiert?<\/a><\/div>\n<\/div>\n","protected":false},"excerpt":{"rendered":"<p>Physik 1. Warum wollen Sie mit Sch\u00fclern reden? Ich m\u00f6chte die Begeisterung daf\u00fcr vermitteln, Dinge zu verstehen und daraus Nutzen zu ziehen. Wenn man etwas genauer versteht, kann man damit wirklich umgehen. Das heisst, es bewahren, es verbessern, etwas besseres neues entwickeln. Das reicht von der Verbesserung der Mikroelektronik \u00fcber neue Methoden in der Medizin, <a class=\"more-link\" href=\"https:\/\/wifunsa.de\/blog\/index.php\/prof-schmidt\/\">Weiterlesen\u00a0\u2026<\/a><\/p>\n","protected":false},"author":1,"featured_media":0,"parent":0,"menu_order":0,"comment_status":"closed","ping_status":"closed","template":"","meta":{"footnotes":""},"class_list":["post-204","page","type-page","status-publish","hentry"],"_links":{"self":[{"href":"https:\/\/wifunsa.de\/blog\/index.php\/wp-json\/wp\/v2\/pages\/204","targetHints":{"allow":["GET"]}}],"collection":[{"href":"https:\/\/wifunsa.de\/blog\/index.php\/wp-json\/wp\/v2\/pages"}],"about":[{"href":"https:\/\/wifunsa.de\/blog\/index.php\/wp-json\/wp\/v2\/types\/page"}],"author":[{"embeddable":true,"href":"https:\/\/wifunsa.de\/blog\/index.php\/wp-json\/wp\/v2\/users\/1"}],"replies":[{"embeddable":true,"href":"https:\/\/wifunsa.de\/blog\/index.php\/wp-json\/wp\/v2\/comments?post=204"}],"version-history":[{"count":5,"href":"https:\/\/wifunsa.de\/blog\/index.php\/wp-json\/wp\/v2\/pages\/204\/revisions"}],"predecessor-version":[{"id":257,"href":"https:\/\/wifunsa.de\/blog\/index.php\/wp-json\/wp\/v2\/pages\/204\/revisions\/257"}],"wp:attachment":[{"href":"https:\/\/wifunsa.de\/blog\/index.php\/wp-json\/wp\/v2\/media?parent=204"}],"curies":[{"name":"wp","href":"https:\/\/api.w.org\/{rel}","templated":true}]}}